{"id":3403,"date":"2026-03-04T11:22:48","date_gmt":"2026-03-04T10:22:48","guid":{"rendered":"https:\/\/www.cefa.fr\/?post_type=offres-demploi&#038;p=3403"},"modified":"2026-03-04T11:22:48","modified_gmt":"2026-03-04T10:22:48","slug":"electricien-h-f","status":"publish","type":"offres-demploi","link":"https:\/\/www.cefa.fr\/fr\/offres-demploi\/electricien-h-f\/","title":{"rendered":"ELECTRICIEN (H\/F)"},"content":{"rendered":"<h6>Rejoignez notre Service \u00c9lectrique !<\/h6>\n<p>&nbsp;<\/p>\n<p>Ce service vous propose une exp\u00e9rience industrielle pleine de diversit\u00e9 et de ma\u00eetrise au sein d\u2019une entreprise consid\u00e9r\u00e9e comme Leader des Syst\u00e8mes pour le G\u00e9nie Militaire.<\/p>\n<p>&nbsp;<\/p>\n<p><strong><em>Vous souhaitez vivre une exp\u00e9rience enrichissante tant sur le plan technique qu\u2019humain\u00a0? Alors n\u2019h\u00e9sitez plus et postulez\u00a0!<\/em><\/strong><\/p>\n<p>&nbsp;<\/p>\n<p>Vous serez en charge de monter des \u00e9l\u00e9ments \u00e9lectriques ou \u00e9lectrom\u00e9caniques \u00e0 l&rsquo;int\u00e9rieur d&rsquo;armoires, d&rsquo;\u00e9quipements, de mat\u00e9riels ou sur divers supports. Vous pourrez \u00eatre amen\u00e9 \u00e0 ins\u00e9rer un sous-ensemble dans un appareil \u00e9lectrique et en compl\u00e9ter le montage.<\/p>\n<p>&nbsp;<\/p>\n<p><strong>Au quotidien, vos activit\u00e9s consisteront \u00e0 :<\/strong><\/p>\n<ul>\n<li>S\u00e9lectionner les c\u00e2bles et les disjoncteurs, contacteurs, fusibles, &#8230; \u00e0 partir du sch\u00e9ma \u00e9lectrique, du plan de c\u00e2blage ou de la puissance des appareils<\/li>\n<li>Dimensionner et assembler les supports (armoires, ch\u00e2ssis, rails, goulottes, &#8230;)<\/li>\n<li>Pr\u00e9parer les fils, les positionner sur les supports, fixer les c\u00e2bles sur les bornes de connexion des appareils et les toronne<\/li>\n<li>Contr\u00f4ler le c\u00e2blage par rapport au plan<\/li>\n<li>V\u00e9rifier la continuit\u00e9 \u00e9lectrique du c\u00e2blage et proc\u00e9der aux r\u00e9glages pr\u00e9alables \u00e0 la mise sous tension<\/li>\n<\/ul>\n<p>&nbsp;<\/p>\n<p><strong>Vous serez en collaboration avec le Contremaitre, qui sera votre sup\u00e9rieur hi\u00e9rarchique. Ce qui est attendu de vous :<\/strong><\/p>\n<ul>\n<li>Mener \u00e0 bien les t\u00e2ches qui vous seront confi\u00e9es<\/li>\n<li>\u00catre autonome dans la gestion et l&rsquo;organisation de son poste de travail, en respectant les consignes en vigueur<\/li>\n<\/ul>\n<p>&nbsp;<\/p>\n<p><strong>Parlons de vous :<\/strong><\/p>\n<ul>\n<li>Vous avez des comp\u00e9tences techniques dans le domaine industriel<\/li>\n<li>Vous avez des notions dans le montage d&rsquo;\u00e9l\u00e9ments \u00e9lectriques<\/li>\n<\/ul>\n<p>&nbsp;<\/p>\n<p><strong>Les comp\u00e9tences requises :<\/strong><\/p>\n<ul>\n<li>Formation initiale : Bac pro Electrique \/ Electrotechnique<\/li>\n<li>Exp\u00e9rience demand\u00e9e : Vous avez une exp\u00e9rience de 1 \u00e0 5 ans dans le domaine<\/li>\n<li>Savoir-\u00eatre : Travail en \u00e9quipe, autonomie<\/li>\n<\/ul>\n<p>&nbsp;<\/p>\n<p><strong>Ce poste correspond \u00e0 vos crit\u00e8res ? Alors n&rsquo;attendez plus !<\/strong><\/p>\n<p>=&gt; Postulez en remplissant vos informations \u00e0 droite de l&rsquo;offre, afin que le service Ressources Humaines puisse en prendre connaissance et vous donner une r\u00e9ponse dans les plus brefs d\u00e9lais.<\/p>\n","protected":false},"featured_media":3404,"parent":0,"template":"","class_list":["post-3403","offres-demploi","type-offres-demploi","status-publish","has-post-thumbnail","hentry"],"acf":[],"yoast_head":"<!-- This site is optimized with the Yoast SEO plugin v27.5 - https:\/\/yoast.com\/product\/yoast-seo-wordpress\/ -->\n<title>ELECTRICIEN (H\/F) - CEFA<\/title>\n<meta name=\"description\" content=\"Offre d&#039;emploi d&#039;Electricien dans le domaine industirel, chez CEFA, leader des syst\u00e8mes pour le g\u00e9nie militaire.\" \/>\n<meta name=\"robots\" content=\"index, follow, max-snippet:-1, max-image-preview:large, max-video-preview:-1\" \/>\n<link rel=\"canonical\" href=\"https:\/\/www.cefa.fr\/fr\/offres-demploi\/electricien-h-f\/\" \/>\n<meta property=\"og:locale\" content=\"fr_FR\" \/>\n<meta property=\"og:type\" content=\"article\" \/>\n<meta property=\"og:title\" content=\"ELECTRICIEN (H\/F) - CEFA\" \/>\n<meta property=\"og:description\" content=\"Offre d&#039;emploi d&#039;Electricien dans le domaine industirel, chez CEFA, leader des syst\u00e8mes pour le g\u00e9nie militaire.\" \/>\n<meta property=\"og:url\" content=\"https:\/\/www.cefa.fr\/fr\/offres-demploi\/electricien-h-f\/\" \/>\n<meta property=\"og:site_name\" content=\"CEFA\" \/>\n<meta property=\"og:image\" content=\"https:\/\/www.cefa.fr\/wp-content\/uploads\/2026\/03\/Image-Offre-emploi-1-scaled.png\" \/>\n\t<meta property=\"og:image:width\" content=\"2048\" \/>\n\t<meta property=\"og:image:height\" content=\"410\" \/>\n\t<meta property=\"og:image:type\" content=\"image\/png\" \/>\n<meta name=\"twitter:card\" content=\"summary_large_image\" \/>\n<meta name=\"twitter:label1\" content=\"Dur\u00e9e de lecture estim\u00e9e\" \/>\n\t<meta name=\"twitter:data1\" content=\"2 minutes\" \/>\n<script type=\"application\/ld+json\" class=\"yoast-schema-graph\">{\"@context\":\"https:\\\/\\\/schema.org\",\"@graph\":[{\"@type\":\"WebPage\",\"@id\":\"https:\\\/\\\/www.cefa.fr\\\/fr\\\/offres-demploi\\\/electricien-h-f\\\/\",\"url\":\"https:\\\/\\\/www.cefa.fr\\\/fr\\\/offres-demploi\\\/electricien-h-f\\\/\",\"name\":\"ELECTRICIEN (H\\\/F) - CEFA\",\"isPartOf\":{\"@id\":\"https:\\\/\\\/www.cefa.fr\\\/fr\\\/#website\"},\"primaryImageOfPage\":{\"@id\":\"https:\\\/\\\/www.cefa.fr\\\/fr\\\/offres-demploi\\\/electricien-h-f\\\/#primaryimage\"},\"image\":{\"@id\":\"https:\\\/\\\/www.cefa.fr\\\/fr\\\/offres-demploi\\\/electricien-h-f\\\/#primaryimage\"},\"thumbnailUrl\":\"https:\\\/\\\/www.cefa.fr\\\/wp-content\\\/uploads\\\/2026\\\/03\\\/Image-Offre-emploi-1-scaled.png\",\"datePublished\":\"2026-03-04T10:22:48+00:00\",\"description\":\"Offre d'emploi d'Electricien dans le domaine industirel, chez CEFA, leader des syst\u00e8mes pour le g\u00e9nie militaire.\",\"breadcrumb\":{\"@id\":\"https:\\\/\\\/www.cefa.fr\\\/fr\\\/offres-demploi\\\/electricien-h-f\\\/#breadcrumb\"},\"inLanguage\":\"fr-FR\",\"potentialAction\":[{\"@type\":\"ReadAction\",\"target\":[\"https:\\\/\\\/www.cefa.fr\\\/fr\\\/offres-demploi\\\/electricien-h-f\\\/\"]}]},{\"@type\":\"ImageObject\",\"inLanguage\":\"fr-FR\",\"@id\":\"https:\\\/\\\/www.cefa.fr\\\/fr\\\/offres-demploi\\\/electricien-h-f\\\/#primaryimage\",\"url\":\"https:\\\/\\\/www.cefa.fr\\\/wp-content\\\/uploads\\\/2026\\\/03\\\/Image-Offre-emploi-1-scaled.png\",\"contentUrl\":\"https:\\\/\\\/www.cefa.fr\\\/wp-content\\\/uploads\\\/2026\\\/03\\\/Image-Offre-emploi-1-scaled.png\",\"width\":2048,\"height\":410},{\"@type\":\"BreadcrumbList\",\"@id\":\"https:\\\/\\\/www.cefa.fr\\\/fr\\\/offres-demploi\\\/electricien-h-f\\\/#breadcrumb\",\"itemListElement\":[{\"@type\":\"ListItem\",\"position\":1,\"name\":\"Accueil\",\"item\":\"https:\\\/\\\/www.cefa.fr\\\/fr\\\/\"},{\"@type\":\"ListItem\",\"position\":2,\"name\":\"Offres d&amp;#39;emploi\",\"item\":\"https:\\\/\\\/www.cefa.fr\\\/fr\\\/offres-demploi\\\/\"},{\"@type\":\"ListItem\",\"position\":3,\"name\":\"ELECTRICIEN (H\\\/F)\"}]},{\"@type\":\"WebSite\",\"@id\":\"https:\\\/\\\/www.cefa.fr\\\/fr\\\/#website\",\"url\":\"https:\\\/\\\/www.cefa.fr\\\/fr\\\/\",\"name\":\"CEFA\",\"description\":\"Leader des syst\u00e8mes pour le g\u00e9nie militaire\",\"publisher\":{\"@id\":\"https:\\\/\\\/www.cefa.fr\\\/fr\\\/#organization\"},\"potentialAction\":[{\"@type\":\"SearchAction\",\"target\":{\"@type\":\"EntryPoint\",\"urlTemplate\":\"https:\\\/\\\/www.cefa.fr\\\/fr\\\/?s={search_term_string}\"},\"query-input\":{\"@type\":\"PropertyValueSpecification\",\"valueRequired\":true,\"valueName\":\"search_term_string\"}}],\"inLanguage\":\"fr-FR\"},{\"@type\":\"Organization\",\"@id\":\"https:\\\/\\\/www.cefa.fr\\\/fr\\\/#organization\",\"name\":\"CEFA\",\"url\":\"https:\\\/\\\/www.cefa.fr\\\/fr\\\/\",\"logo\":{\"@type\":\"ImageObject\",\"inLanguage\":\"fr-FR\",\"@id\":\"https:\\\/\\\/www.cefa.fr\\\/fr\\\/#\\\/schema\\\/logo\\\/image\\\/\",\"url\":\"https:\\\/\\\/www.cefa.fr\\\/wp-content\\\/uploads\\\/2021\\\/09\\\/logo-ombre.png\",\"contentUrl\":\"https:\\\/\\\/www.cefa.fr\\\/wp-content\\\/uploads\\\/2021\\\/09\\\/logo-ombre.png\",\"width\":900,\"height\":605,\"caption\":\"CEFA\"},\"image\":{\"@id\":\"https:\\\/\\\/www.cefa.fr\\\/fr\\\/#\\\/schema\\\/logo\\\/image\\\/\"}}]}<\/script>\n<!-- \/ Yoast SEO plugin. -->","yoast_head_json":{"title":"ELECTRICIEN (H\/F) - CEFA","description":"Offre d'emploi d'Electricien dans le domaine industirel, chez CEFA, leader des syst\u00e8mes pour le g\u00e9nie militaire.","robots":{"index":"index","follow":"follow","max-snippet":"max-snippet:-1","max-image-preview":"max-image-preview:large","max-video-preview":"max-video-preview:-1"},"canonical":"https:\/\/www.cefa.fr\/fr\/offres-demploi\/electricien-h-f\/","og_locale":"fr_FR","og_type":"article","og_title":"ELECTRICIEN (H\/F) - CEFA","og_description":"Offre d'emploi d'Electricien dans le domaine industirel, chez CEFA, leader des syst\u00e8mes pour le g\u00e9nie militaire.","og_url":"https:\/\/www.cefa.fr\/fr\/offres-demploi\/electricien-h-f\/","og_site_name":"CEFA","og_image":[{"width":2048,"height":410,"url":"https:\/\/www.cefa.fr\/wp-content\/uploads\/2026\/03\/Image-Offre-emploi-1-scaled.png","type":"image\/png"}],"twitter_card":"summary_large_image","twitter_misc":{"Dur\u00e9e de lecture estim\u00e9e":"2 minutes"},"schema":{"@context":"https:\/\/schema.org","@graph":[{"@type":"WebPage","@id":"https:\/\/www.cefa.fr\/fr\/offres-demploi\/electricien-h-f\/","url":"https:\/\/www.cefa.fr\/fr\/offres-demploi\/electricien-h-f\/","name":"ELECTRICIEN (H\/F) - CEFA","isPartOf":{"@id":"https:\/\/www.cefa.fr\/fr\/#website"},"primaryImageOfPage":{"@id":"https:\/\/www.cefa.fr\/fr\/offres-demploi\/electricien-h-f\/#primaryimage"},"image":{"@id":"https:\/\/www.cefa.fr\/fr\/offres-demploi\/electricien-h-f\/#primaryimage"},"thumbnailUrl":"https:\/\/www.cefa.fr\/wp-content\/uploads\/2026\/03\/Image-Offre-emploi-1-scaled.png","datePublished":"2026-03-04T10:22:48+00:00","description":"Offre d'emploi d'Electricien dans le domaine industirel, chez CEFA, leader des syst\u00e8mes pour le g\u00e9nie militaire.","breadcrumb":{"@id":"https:\/\/www.cefa.fr\/fr\/offres-demploi\/electricien-h-f\/#breadcrumb"},"inLanguage":"fr-FR","potentialAction":[{"@type":"ReadAction","target":["https:\/\/www.cefa.fr\/fr\/offres-demploi\/electricien-h-f\/"]}]},{"@type":"ImageObject","inLanguage":"fr-FR","@id":"https:\/\/www.cefa.fr\/fr\/offres-demploi\/electricien-h-f\/#primaryimage","url":"https:\/\/www.cefa.fr\/wp-content\/uploads\/2026\/03\/Image-Offre-emploi-1-scaled.png","contentUrl":"https:\/\/www.cefa.fr\/wp-content\/uploads\/2026\/03\/Image-Offre-emploi-1-scaled.png","width":2048,"height":410},{"@type":"BreadcrumbList","@id":"https:\/\/www.cefa.fr\/fr\/offres-demploi\/electricien-h-f\/#breadcrumb","itemListElement":[{"@type":"ListItem","position":1,"name":"Accueil","item":"https:\/\/www.cefa.fr\/fr\/"},{"@type":"ListItem","position":2,"name":"Offres d&amp;#39;emploi","item":"https:\/\/www.cefa.fr\/fr\/offres-demploi\/"},{"@type":"ListItem","position":3,"name":"ELECTRICIEN (H\/F)"}]},{"@type":"WebSite","@id":"https:\/\/www.cefa.fr\/fr\/#website","url":"https:\/\/www.cefa.fr\/fr\/","name":"CEFA","description":"Leader des syst\u00e8mes pour le g\u00e9nie militaire","publisher":{"@id":"https:\/\/www.cefa.fr\/fr\/#organization"},"potentialAction":[{"@type":"SearchAction","target":{"@type":"EntryPoint","urlTemplate":"https:\/\/www.cefa.fr\/fr\/?s={search_term_string}"},"query-input":{"@type":"PropertyValueSpecification","valueRequired":true,"valueName":"search_term_string"}}],"inLanguage":"fr-FR"},{"@type":"Organization","@id":"https:\/\/www.cefa.fr\/fr\/#organization","name":"CEFA","url":"https:\/\/www.cefa.fr\/fr\/","logo":{"@type":"ImageObject","inLanguage":"fr-FR","@id":"https:\/\/www.cefa.fr\/fr\/#\/schema\/logo\/image\/","url":"https:\/\/www.cefa.fr\/wp-content\/uploads\/2021\/09\/logo-ombre.png","contentUrl":"https:\/\/www.cefa.fr\/wp-content\/uploads\/2021\/09\/logo-ombre.png","width":900,"height":605,"caption":"CEFA"},"image":{"@id":"https:\/\/www.cefa.fr\/fr\/#\/schema\/logo\/image\/"}}]}},"publishpress_future_workflow_manual_trigger":{"enabledWorkflows":[]},"_links":{"self":[{"href":"https:\/\/www.cefa.fr\/fr\/wp-json\/wp\/v2\/offres-demploi\/3403","targetHints":{"allow":["GET"]}}],"collection":[{"href":"https:\/\/www.cefa.fr\/fr\/wp-json\/wp\/v2\/offres-demploi"}],"about":[{"href":"https:\/\/www.cefa.fr\/fr\/wp-json\/wp\/v2\/types\/offres-demploi"}],"wp:featuredmedia":[{"embeddable":true,"href":"https:\/\/www.cefa.fr\/fr\/wp-json\/wp\/v2\/media\/3404"}],"wp:attachment":[{"href":"https:\/\/www.cefa.fr\/fr\/wp-json\/wp\/v2\/media?parent=3403"}],"curies":[{"name":"wp","href":"https:\/\/api.w.org\/{rel}","templated":true}]}}

<h6>Rejoignez notre Service Électrique !</h6>
<p>&nbsp;</p>
<p>Ce service vous propose une expérience industrielle pleine de diversité et de maîtrise au sein d’une entreprise considérée comme Leader des Systèmes pour le Génie Militaire.</p>
<p>&nbsp;</p>
<p><strong><em>Vous souhaitez vivre une expérience enrichissante tant sur le plan technique qu’humain ? Alors n’hésitez plus et postulez !</em></strong></p>
<p>&nbsp;</p>
<p>Vous serez en charge de monter des éléments électriques ou électromécaniques à l&rsquo;intérieur d&rsquo;armoires, d&rsquo;équipements, de matériels ou sur divers supports. Vous pourrez être amené à insérer un sous-ensemble dans un appareil électrique et en compléter le montage.</p>
<p>&nbsp;</p>
<p><strong>Au quotidien, vos activités consisteront à :</strong></p>
<ul>
<li>Sélectionner les câbles et les disjoncteurs, contacteurs, fusibles, &#8230; à partir du schéma électrique, du plan de câblage ou de la puissance des appareils</li>
<li>Dimensionner et assembler les supports (armoires, châssis, rails, goulottes, &#8230;)</li>
<li>Préparer les fils, les positionner sur les supports, fixer les câbles sur les bornes de connexion des appareils et les toronne</li>
<li>Contrôler le câblage par rapport au plan</li>
<li>Vérifier la continuité électrique du câblage et procéder aux réglages préalables à la mise sous tension</li>
</ul>
<p>&nbsp;</p>
<p><strong>Vous serez en collaboration avec le Contremaitre, qui sera votre supérieur hiérarchique. Ce qui est attendu de vous :</strong></p>
<ul>
<li>Mener à bien les tâches qui vous seront confiées</li>
<li>Être autonome dans la gestion et l&rsquo;organisation de son poste de travail, en respectant les consignes en vigueur</li>
</ul>
<p>&nbsp;</p>
<p><strong>Parlons de vous :</strong></p>
<ul>
<li>Vous avez des compétences techniques dans le domaine industriel</li>
<li>Vous avez des notions dans le montage d&rsquo;éléments électriques</li>
</ul>
<p>&nbsp;</p>
<p><strong>Les compétences requises :</strong></p>
<ul>
<li>Formation initiale : Bac pro Electrique / Electrotechnique</li>
<li>Expérience demandée : Vous avez une expérience de 1 à 5 ans dans le domaine</li>
<li>Savoir-être : Travail en équipe, autonomie</li>
</ul>
<p>&nbsp;</p>
<p><strong>Ce poste correspond à vos critères ? Alors n&rsquo;attendez plus !</strong></p>
<p>=&gt; Postulez en remplissant vos informations à droite de l&rsquo;offre, afin que le service Ressources Humaines puisse en prendre connaissance et vous donner une réponse dans les plus brefs délais.</p>

<!-- This site is optimized with the Yoast SEO plugin v27.5 - https://yoast.com/product/yoast-seo-wordpress/ -->
<title>ELECTRICIEN (H/F) - CEFA</title>
<meta name="description" content="Offre d&#039;emploi d&#039;Electricien dans le domaine industirel, chez CEFA, leader des systèmes pour le génie militaire." />
<meta name="robots" content="index, follow, max-snippet:-1, max-image-preview:large, max-video-preview:-1" />
<link rel="canonical" href="https://www.cefa.fr/fr/offres-demploi/electricien-h-f/" />
<meta property="og:locale" content="fr_FR" />
<meta property="og:type" content="article" />
<meta property="og:title" content="ELECTRICIEN (H/F) - CEFA" />
<meta property="og:description" content="Offre d&#039;emploi d&#039;Electricien dans le domaine industirel, chez CEFA, leader des systèmes pour le génie militaire." />
<meta property="og:url" content="https://www.cefa.fr/fr/offres-demploi/electricien-h-f/" />
<meta property="og:site_name" content="CEFA" />
<meta property="og:image" content="https://www.cefa.fr/wp-content/uploads/2026/03/Image-Offre-emploi-1-scaled.png" />
	<meta property="og:image:width" content="2048" />
	<meta property="og:image:height" content="410" />
	<meta property="og:image:type" content="image/png" />
<meta name="twitter:card" content="summary_large_image" />
<meta name="twitter:label1" content="Durée de lecture estimée" />
	<meta name="twitter:data1" content="2 minutes" />
<script type="application/ld+json" class="yoast-schema-graph">{"@context":"https:\/\/schema.org","@graph":[{"@type":"WebPage","@id":"https:\/\/www.cefa.fr\/fr\/offres-demploi\/electricien-h-f\/","url":"https:\/\/www.cefa.fr\/fr\/offres-demploi\/electricien-h-f\/","name":"ELECTRICIEN (H\/F) - CEFA","isPartOf":{"@id":"https:\/\/www.cefa.fr\/fr\/#website"},"primaryImageOfPage":{"@id":"https:\/\/www.cefa.fr\/fr\/offres-demploi\/electricien-h-f\/#primaryimage"},"image":{"@id":"https:\/\/www.cefa.fr\/fr\/offres-demploi\/electricien-h-f\/#primaryimage"},"thumbnailUrl":"https:\/\/www.cefa.fr\/wp-content\/uploads\/2026\/03\/Image-Offre-emploi-1-scaled.png","datePublished":"2026-03-04T10:22:48+00:00","description":"Offre d'emploi d'Electricien dans le domaine industirel, chez CEFA, leader des systèmes pour le génie militaire.","breadcrumb":{"@id":"https:\/\/www.cefa.fr\/fr\/offres-demploi\/electricien-h-f\/#breadcrumb"},"inLanguage":"fr-FR","potentialAction":[{"@type":"ReadAction","target":["https:\/\/www.cefa.fr\/fr\/offres-demploi\/electricien-h-f\/"]}]},{"@type":"ImageObject","inLanguage":"fr-FR","@id":"https:\/\/www.cefa.fr\/fr\/offres-demploi\/electricien-h-f\/#primaryimage","url":"https:\/\/www.cefa.fr\/wp-content\/uploads\/2026\/03\/Image-Offre-emploi-1-scaled.png","contentUrl":"https:\/\/www.cefa.fr\/wp-content\/uploads\/2026\/03\/Image-Offre-emploi-1-scaled.png","width":2048,"height":410},{"@type":"BreadcrumbList","@id":"https:\/\/www.cefa.fr\/fr\/offres-demploi\/electricien-h-f\/#breadcrumb","itemListElement":[{"@type":"ListItem","position":1,"name":"Accueil","item":"https:\/\/www.cefa.fr\/fr\/"},{"@type":"ListItem","position":2,"name":"Offres d&amp;#39;emploi","item":"https:\/\/www.cefa.fr\/fr\/offres-demploi\/"},{"@type":"ListItem","position":3,"name":"ELECTRICIEN (H\/F)"}]},{"@type":"WebSite","@id":"https:\/\/www.cefa.fr\/fr\/#website","url":"https:\/\/www.cefa.fr\/fr\/","name":"CEFA","description":"Leader des systèmes pour le génie militaire","publisher":{"@id":"https:\/\/www.cefa.fr\/fr\/#organization"},"potentialAction":[{"@type":"SearchAction","target":{"@type":"EntryPoint","urlTemplate":"https:\/\/www.cefa.fr\/fr\/?s={search_term_string}"},"query-input":{"@type":"PropertyValueSpecification","valueRequired":true,"valueName":"search_term_string"}}],"inLanguage":"fr-FR"},{"@type":"Organization","@id":"https:\/\/www.cefa.fr\/fr\/#organization","name":"CEFA","url":"https:\/\/www.cefa.fr\/fr\/","logo":{"@type":"ImageObject","inLanguage":"fr-FR","@id":"https:\/\/www.cefa.fr\/fr\/#\/schema\/logo\/image\/","url":"https:\/\/www.cefa.fr\/wp-content\/uploads\/2021\/09\/logo-ombre.png","contentUrl":"https:\/\/www.cefa.fr\/wp-content\/uploads\/2021\/09\/logo-ombre.png","width":900,"height":605,"caption":"CEFA"},"image":{"@id":"https:\/\/www.cefa.fr\/fr\/#\/schema\/logo\/image\/"}}]}</script>
<!-- / Yoast SEO plugin. -->

Offre d'emploi d'Electricien dans le domaine industirel, chez CEFA, leader des systèmes pour le génie militaire.

Leader des systèmes pour le génie militaire
